- 130 = -2*k, -3*k = 4*q - 185. Is (-154)/k*8110/(-4) composite?
True
Let h(n) = -29134*n + 804. Is h(-5) a composite number?
True
Let k be 6/(-14) - (-153678)/147. Suppose 2*s - k = -3*s. Let a = s + 48. Is a a prime number?
True
Suppose -3*n - 2*i = -316107, -2*n = 2*i - 4*i - 210758. Is n prime?
True
Let d(z) be the third derivative of -z**6/20 + 2*z**5/15 - 11*z**4/24 + 2*z**3/3 - 4*z**2 - 10. Is d(-7) composite?
False
Let c(r) = -431*r**2 - 21*r - 51. Let v(z) = -431*z**2 - 20*z - 52. Let n(x) = -5*c(x) + 4*v(x). Is n(-2) a composite number?
False
Let a be (1*-2)/((-98)/147). Suppose o = 5*u + 6*o - 1490, 3*u - a*o - 912 = 0. Is u a prime number?
False
Let w(q) = 262934*q - 5065. Is w(6) a composite number?
False
Suppose -4*v - 4*o + 18256 = -16048, -5*v = 2*o - 42877. Let g = v - 5844. Is g composite?
False
Let h = -471 + -212. Let i = h + 1570. Is i composite?
False
Let b(t) = t**2 - 4*t - 8. Let k be b(6). Suppose 9 = 5*l - 11. Suppose -l*y + x = -1560, -4*y - 209 = -k*x - 1757. Is y prime?
False
Suppose w + 3*w - k = -18387, -2*w - k = 9195. Let o = 8696 + w. Is o prime?
True
Let v(i) = 4*i**3 + 31*i**2 + 10*i + 14. Let u be v(15). Let c = u - 11382. Is c a prime number?
True
Is -9*(-3 - -1 - 2299388/252) a composite number?
False
Suppose 13392 = -r + 7*r. Suppose q - r = -2*o, -2*o = 3*q + 1124 - 3352. Is o a composite number?
False
Suppose 72*g = 46*g + 26224094. Is g a composite number?
True
Let u(c) = c**2 - 4*c - 53. Let x be u(12). Let i be (-1)/(2/(-776) - 0). Suppose -41*p - i = -x*p. Is p a composite number?
True
Let k be 2/(-14) + (-200)/70. Let z be 0/(k + -2 - -2). Suppose 3*u - 276 - 1413 = z. Is u a composite number?
False
Suppose 0 = -3*m + 5*f + 1060946, 58*m + f = 62*m - 1414623. Is m a prime number?
True
Suppose -9*r - 4*r = -845. Let d = r - -188. Is d composite?
True
Suppose 49*q - 8381680 = -55*q + 24*q. Is q a composite number?
True
Let i(k) = k**2 - 19*k + 27. Let q be i(17). Let b(w) = -433*w + 5. Let n be b(q). Let a = n + -2083. Is a composite?
False
Suppose 17 = 3*m - z + 1, m - z - 6 = 0. Suppose -3*h + 3332 = m*q - 1164, 0 = -5*h - 15. Is q a prime number?
False
Suppose 8*t - 105917 = -0*t + 32139. Is t a prime number?
True
Let a(l) = l - 169. Let q be a(-15). Let i = q + 333. Is i composite?
False
Let b be (-1 + -2)/(5 - 4) + 2. Is (-2)/b - (-14067 + -7 + -5) a composite number?
False
Let k = -19 + 3. Let y = 4 - k. Is (-23)/(-230) + 14618/y a composite number?
True
Suppose -374*d + 105*d + 35846402 = 0. Is d prime?
False
Suppose -m + 6*m = d - 13337, 3*d + 5*m - 40131 = 0. Is d a prime number?
True
Let m(p) be the first derivative of -45*p**2/2 + 14*p + 36. Is m(-9) composite?
False
Let j be 82/11 - 12/(-22). Suppose 9*w = j*w + 9409. Is w a composite number?
True
Suppose 2*n = -1383 + 4291. Suppose -s + n = -619. Is s a prime number?
False
Suppose 4*u - 610853 = k + 779403, 0 = -5*k - 20. Is u composite?
False
Is (31842/(-1647))/((-161159)/161157 + 1) a composite number?
True
Let v(p) = p - 2. Let z(l) = -7*l - 1367. Let c(o) = 3*v(o) - z(o). Is c(0) composite?
False
Is ((-11)/(-11)*-1)/(2/(-514))*23 prime?
False
Suppose 2*j + 3*l = 84, 3*l = 8 - 2. Let t = -36 + j. Suppose t*y = -y + 3812. Is y a composite number?
False
Let s(a) = 2*a + 33. Let l be s(-17). Let r(t) = -659*t. Is r(l) a prime number?
True
Suppose q = -3*w + 8, 2 = 5*w - 3*w. Let a be 11/55 - (-7529)/q. Suppose -6*i + 4*i + a = 0. Is i composite?
True
Suppose -2*x = -5*n + 18, n + 2*n + 4*x - 16 = 0. Suppose 0 = -t + i + 6, 0 = -3*t + 4*i - 8*i + n. Suppose t*p = -0*p + 10532. Is p composite?
False
Let n be (-1 - -5 - (-46)/(-115))*-5. Is (-44626)/n - (-86)/(-387) prime?
False
Let h be -1 - (2 + 0) - (7 + -845). Let b be 3 + -2 + h - -3. Suppose 4*i - 2*z - 1036 = 0, b = -5*i - z + 2134. Is i a composite number?
True
Let w(s) = -2*s + 4. Let z be w(0). Let l(q) = -18*q - 2*q**2 - 3 - z + 0*q**2. Is l(-7) a composite number?
True
Suppose -6*u = -3*u + 3. Is (729 - u)/2 + 2 + 0 a prime number?
True
Suppose 0 = 2*f - 99011 + 18829. Is f prime?
False
Let u(w) = -171131*w - 3504. Is u(-5) prime?
True
Suppose 0 = -3*x + 3*m + 11719905, -4*x = m - 8342475 - 7284075. Is x composite?
True
Suppose -7*g + 852115 = -3*i, 13*g - 3*i = 16*g - 365175. Is g a composite number?
True
Let c be 4/(-58) - 43976/667. Is ((-26)/(-5))/(c/(-59235)) a composite number?
True
Suppose 0 = -3*z + 2*z + 36. Let n be (1234/(-3))/(24/z). Let b = n + 1336. Is b composite?
False
Suppose -85*h = 8399687 - 41522402. Is h prime?
False
Let g = -44 + 49. Suppose -70 = -g*y + 2*r, -5*r + 8*r = 0. Suppose -452 = -16*v + y*v. Is v composite?
True
Let h = -58973 + 127740. Is h a prime number?
True
Let w = 72 - 70. Suppose h + 5583 = 4*c, 2*h - 5598 = -2*c - w*c. Is c a composite number?
True
Let z = 88 + -131. Is ((-127)/1)/(6 - z/(-7)) composite?
True
Let p = 198605 - 119118. Is p a composite number?
True
Is (-20)/28 - (0 + (-620082)/21) a composite number?
False
Let c(y) = 7*y**2 + 8*y - 20. Let z(v) = -8*v**2 - 8*v + 19. Let p(n) = -7*c(n) - 6*z(n). Let t be p(-10). Suppose 9*a - 333 = t*a. Is a a composite number?
True
Let j = 1047101 + -742375. Is j composite?
True
Let x(d) be the second derivative of 79*d**3/6 - 32*d. Is x(13) a composite number?
True
Let z(c) = -75*c + 35. Suppose 32 = -5*n + 2*v, v = -2*n - 2*v - 28. Let x be (-420)/(-56)*n/3. Is z(x) composite?
True
Suppose l - 2 = 3*q, -2*l + 0 = 5*q - 4. Suppose -4*g + 4*b + 9716 = 0, 5*g + b - 10942 = 1215. Suppose -l*i + g = 9*i. Is i a composite number?
True
Let m(c) = -5*c**3 - 3*c**2 - c. Let o be m(-1). Let t(l) = o - 10 + 8 + 771*l. Is t(2) a composite number?
False
Is (-849595)/(16 - 8 - (6 - -3)) composite?
True
Is ((-86749)/52)/((-12)/48) prime?
True
Suppose -3*x = -f - 18, -52 + 20 = 4*f - 2*x. Let t(h) = -3*h - 9. Let u be t(f). Is (5 + -2)*1338/u a prime number?
False
Let n = 35922 - -13207. Is n prime?
False
Let s = 179198 - 106957. Is s composite?
True
Let w = -13974 + 7364. Let t = w - -12849. Is t a prime number?
False
Is 4 - ((-140)/(-14) - 82999) a prime number?
False
Let x = 1086628 - 624917. Is x prime?
False
Let t = -63247 + 159624. Is t composite?
False
Suppose -3200 - 3862 = -6*l. Let w = l + -618. Is w a prime number?
False
Suppose -52*y + 1199590 + 601378 = 0. Is y prime?
False
Let q = 41803 + -22512. Is q a prime number?
False
Suppose -3*q = 1 - 166. Suppose -p - q + 624 = 3*k, 5*k = -p + 951. Suppose -i + k = -140. Is i a composite number?
False
Suppose 215*z - 2054155 = 5058260. Is z composite?
True
Let w(c) = 189*c**2 - 8. Suppose -2*m + 4*z = -5 - 1, -3*m - 4*z = -19. Is w(m) a prime number?
False
Let o = 426 - 716. Is (-116)/o - 217086/(-10) a prime number?
False
Let a(u) = u**3 + 3*u**2 + 7*u. Let p be a(-2). Is 1169 + 1 - (10/1)/p prime?
True
Let s = 349 + -357. Let b(a) = -1511*a - 125. Is b(s) a prime number?
False
Let h = -88 + 216. Let g(s) = 4*s**2 - 25*s - 138. Let m be g(-6). Suppose -m = -4*k + h. Is k a composite number?
False
Let m be (236393/(-185))/((-1)/10). Suppose -29*g = -31*g + 3*v + m, -4*g + v + 25556 = 0. Is g a composite number?
False
Suppose d - 129163 = 2*i, 0 = -3*d + 2*i + 218792 + 168709. Is d composite?
False
Suppose -77*g = -49*g - 429380. Is g a prime number?
False
Suppose -3*u + 4*o + 15127 - 3665 = 0, 2*o = -3*u + 11432. Is u composite?
True
Let p(g) = 88*g - 28. Let f(h) = 174*h - 57. Let a(d) = 3*f(d) - 5*p(d). Is a(21) a prime number?
False
Let f(q) = q**3 - 15*q**2 - 3*q + 63. Let c be f(15). Is (-219228)/c*(-12)/8 a composite number?
False
Let w be 590/30 - (2 - (-8)/(-6)). Suppose -w*f + 89763 = 17240. Is f prime?
False
Let l be (-21 - -27)*(-1)/3. Let t(j) = -194*j**3 - 2*j**2 + 5*j + 9. Is t(l) prime?
True
Let t be (-2)/(-1) - (-5)/(5/5513). Suppose 11*f - 2*z - t = 8*f, -9201 = -5*f + z. Is f prime?
False
Suppose -3*o + 3*c - 18 = 0, 0 = -o - 5*c - 3 + 15. Is 66/(-99)*o/2*6374 prime?
False
Let i(s) = s**3 - 7*s**2 - 19*s + 13. Let k be i(9). Let g be 3/(-2)*(k + -6). Is g/(-15) + (-17744)/(-20) a composite number?
False
Suppose -40 = -q - 38. Let a = 1327 - 252. Suppose -643 = -3*r + q*s - 0*s, 5*r - 4*s - a = 0. Is r a composite number?
False
Let m = -12 + 22. Let n be (-6 - -9) + (-1 - -2). Suppose -n*c + m*c - 858 = 0. Is c prime?
False
Su